 = -51, -3*t - 63 = -5*s + 24. Suppose 0 = g + 4*g - l*z + 30, -z - s = 5*g. What is k(g)?
-1
Let t be 36/(-21) - (-4)/(-14). Let g(r) = 2*r - 6. Let q be g(4). Let l(z) = z + 4*z - 3*z - 2 + 2*z**q. Give l(t).
2
Let v(m) be the first derivative of m**3/3 - 3*m**2 - 9*m + 25. What is v(8)?
7
Let o(m) = m**3 + 4*m**2 - 6*m - 2. Let x be -2 + (-3 + 2)*-2. Let w be (x - 6) + -1 + 2. Determine o(w).
3
Let d(f) = -5*f - 3. Let g(b) = -2*b - 1. Let o be g(1). Give d(o).
12
Let v(f) = 0 + 2 - 14*f + 7*f - 2*f. Calculate v(4).
-34
Let o(t) = -5*t**3 + t - 1. Suppose 0*x = -2*x + 5*g + 25, 2*x - 2*g - 16 = 0. Suppose -5*r + 3*v = -5 - 6, 5*v + 5 = -x*r. Determine o(r).
-5
Let s(c) be the first derivative of c**4/4 - 7*c**3/3 - 9*c**2/2 + 12*c + 4. Determine s(8).
4
Let b(u) = u + 2. Let j(d) = 2*d**2 - 2*d + 4. Let m be j(5). Let n be m/(-10) + 10/25. Let k be b(n). Let h(p) = p**2 + p. What is h(k)?
2
Suppose 4*u - 2*n + 6 = 0, 2*u + 5*n - 15 = -2*u. Suppose u = -r - 5*k + 17 + 19, 0 = -5*r + 5*k + 30. Let f = r - 8. Let o(w) = -2*w**2 + 3*w + 3. Give o(f).
-6
Let m(x) = x**2 + 9*x + 4. Let h be m(-9). Let y be 6 - h - 0/(-1). Let z(t) = -2*t**2 - 4 - t**3 - 6*t - y*t**2 - 2*t**2. Give z(-5).
1
Let d be -9*(4 + -3) - -1. Let p = d - -10. Let l(q) = q**3 - q**2 + q - 2. Determine l(p).
4
Let g be (-5)/2*(-2)/(-1). Let z(j) = j**3 + 6*j**2 + 4*j - 5. Let o be z(g). Let c(l) = -l + 4. What is c(o)?
4
Let i(n) = -2*n + n + 8 + 2*n. Calculate i(-6).
2
Suppose 10*g - 12*g = -4. Let f(i) = -6*i**2 + 3*i. Calculate f(g).
-18
Let y(p) = -3*p**3 + p. Let m = -13 + 12. Give y(m).
2
Let c(f) be the first derivative of 5*f**2/2 - 2*f + 23. Give c(2).
8
Let x(c) be the first derivative of c**3/3 + c**2/2 - 5*c + 24. Calculate x(-4).
7
Let l(i) = 4*i - 2*i**3 + 8*i**2 + 3*i**3 - 2*i + 5 - 1. Calculate l(-8).
-12
Let q(a) be the second derivative of -a**3/6 - a**2/2 - 2*a. Give q(-2).
1
Let j(h) = -h**2 + 8. Let s be j(0). Let c(x) be the first derivative of -x**2/2 + 10*x + 4. Let m be c(s). Let a(o) = -3*o**2 + 2*o + 1. Give a(m).
-7
Suppose -5*n - 2*v = 20, 3 = -3*n - 3*v - 0. Let b(x) = x**2 + 7*x + 2. Determine b(n).
-4
Suppose 0 = -2*g - 0 + 16. Suppose g = j - w, 8*j = 3*j - 4*w + 4. Let o(h) = 3*h - 4. Give o(j).
8
Let y(h) = -2*h**3 + 0 + 1 + h - 3*h**2 + 3*h**3. Suppose -55*p - 14 = -62*p. Calculate y(p).
-1
Suppose 0 = 2*z - 3*u, z + 5*u - 25 = -4*z. Let g(k) be the first derivative of -z + 0*k + 1/2*k**2. What is g(1)?
1
Let j = 6 - 3. Let z(s) = -1 + 0 + s**3 - 4*s**2 + 0. Give z(j).
-10
Let o(x) = x + 2. Let q(b) = -2*b - 5. Let h(r) = -5*o(r) - 2*q(r). Give h(0).
0
Let r(x) = 6*x**3 + 9*x**2 + 8*x - 4. Let a(g) = 7*g**3 + 10*g**2 + 9*g - 5. Let k(t) = 5*a(t) - 6*r(t). Let o(l) = -l - 11. Let u be o(-9). What is k(u)?
-3
Let t(w) = -2*w**2 - 2*w - 2. Suppose 5*m + 2*y + 20 = 7*y, -3*m = 3*y. Determine t(m).
-6
Let m(f) = -f**3 + f**2 + 9. Let q(x) = -x**2 - 5 - 1 - 4*x + 0*x**2 + 2. Let c be q(-3). Let b = -1 - c. What is m(b)?
9
Suppose 3*h = 0, -2*n - 3*h + 4 = 2*n. Let l(m) be the second derivative of m**4/3 - m**3/6 + m**2/2 + m. Give l(n).
4
Let p be (-155)/(-15) - 16/12. Let i(b) = b - 8. Determine i(p).
1
Let l(k) = -k + 1. Let r(g) = g**2 - 3*g - 1. Let p be r(4). Let d(n) = n**2 + 0*n + 2*n + p*n - 6*n. Let a be d(-2). Give l(a).
-5
Let n(l) be the first derivative of -l**5/60 + l**4/6 + 2*l**3/3 - 2*l**2 + 8. Let o(c) be the second derivative of n(c). Give o(6).
-8
Let r be 4/6*9/2. Let y(d) = d**3 - 4*d**2 + 5*d - 2. Let o be y(r). Let n(i) = -i + 5 + 2*i - 1. What is n(o)?
8
Let p(r) = -3*r - 16. Let w(q) = -5. Let d(g) = -p(g) + 4*w(g). Let i be 1/4 - (-21)/(-4). Let f be (6/(-5))/2*i. Determine d(f).
5
Let u(v) = v. Let r(z) = 6*z - 3. Let x(n) = r(n) - 5*u(n). Give x(4).
1
Let i(a) = -a**2 - 33 + 2*a + a**3 + 35 - 3*a. Give i(2).
4
Let t(f) = -f**3 + 5*f**2 - 2*f - 2. Let d(y) be the first derivative of -3*y**2 + 1. Let q be d(1). Let k be (0 - 3)/(q/8). Give t(k).
6
Let y = 9 + -1. Let n(w) = 0 - w + 2*w + 3 + y. Calculate n(-5).
6
Let g(s) = -2*s**2 - 5 + s**3 - 3*s - 2 - 3 + 9. What is g(3)?
-1
Let t(m) = m**3 + m**2 - 7*m + 1. Let x(a) = -a**3 + 6*a - 1. Let p(y) = 4*t(y) + 5*x(y). Determine p(4).
7
Let f(n) = -n**3 - 5*n**2 - 4*n - 5. Suppose -2*v = -v + 4. Let x = 16 + -2. Let i be 2/v + x/(-4). Determine f(i).
-5
Suppose 0 = -8*n + 4*n - 8, -4*h + 2*n + 20 = 0. Suppose i + 4*i + 35 = 5*v, -5*v = -4*i - 32. Let r(m) = -v - m + 0 + 3*m. Give r(h).
4
Let c(n) = 52 + 4*n**2 - n**3 + 3*n - 101 + 50. What is c(3)?
19
Let r(x) = x**2 - 10*x + 7. Suppose -46 - 11 = -4*w - 5*y, 0 = 2*w - 3*y - 1. Give r(w).
-9
Let l(w) = 3*w**2 + 6*w**3 - w**3 - w**2 - 3 + 2. Calculate l(-1).
-4
Let l(c) be the second derivative of -c**3/3 + c. Let o = 0 + 4. Determine l(o).
-8
Let y(x) = 5*x**2 - x - 6. Let b(h) = 4*h**2 - 6. Let g(s) = 4*b(s) - 3*y(s). Calculate g(-5).
4
Let g(l) be the first derivative of -l**3/3 - l**2 + 6*l - 29. Give g(-6).
-18
Let a be 6 - (1 + 0/(-2)). Suppose n - 7 + 4 = 3*l, 3*n = -5*l - a. Let h(w) = 6*w + 0*w - 3*w + 2 + n*w. What is h(-2)?
-4
Let w(k) = -k - 6. Let i be w(-8). Let g(r) = -5*r**3 - 2*r**2 - 2*r + 2. Let o(u) = 6*u**3 + 2*u**2 + 3*u - 2. Let c(s) = -5*g(s) - 4*o(s). What is c(i)?
10
Suppose -10*k + 7*k = -12. Let a(m) = -20 + 12 + 2*m**2 + 6 - k*m - m**2. Calculate a(5).
3
Let i(s) = -s**3 + 6*s**2 - s + 6. Let b(k) = k**2 - 11*k - 16. Let n be b(14). Suppose -2*o + 5*o = -4*f + 10, 4*o - f = n. What is i(o)?
0
Let o(h) = h + 12. Let b be o(-10). Let g = b - 1. Let a(k) = g + k - 9*k + k. What is a(1)?
-6
Let k = -8 - -6. Let g(s) be the third derivative of 1/6*s**4 + 0*s + 2*s**2 + 0 + 1/2*s**3. Determine g(k).
-5
Let n(p) = 2*p + 4. Let k(l) = 21. Let b(t) = -t + 43. Let f(d) = 2*b(d) - 5*k(d). Let w be f(-8). What is n(w)?
-2
Let i(j) = -j + 5. Suppose -f + 8 - 3 = 0. Suppose 35 = f*q + 4*b + 5, 24 = 4*q + 3*b. What is i(q)?
-1
Let i = -42 + 36. Let s(f) = f + 8. Determine s(i).
2
Let u = 96 - 94. Let b(c) be the first derivative of -1/2*c**2 - 4*c - u. Determine b(-3).
-1
Let u(n) = -n**3 + 2*n**2 + 3*n - 3. Suppose -3*h + 17 = -4. Let g = 7 - h. Suppose g = -2*t + 5 + 1. Give u(t).
-3
Let i(j) = -6*j + 1. Suppose -3*a - 6 = -3*n, -2*n - 2*n + 10 = -2*a. Calculate i(a).
-5
Let r(f) = 3*f + 4. Let u be r(-3). Let x(b) be the third derivative of 2/3*b**3 + 5*b**2 - 1/15*b**5 + 7/24*b**4 + 0 + 0*b - 1/120*b**6. What is x(u)?
-6
Let n(u) = -u + 1. Let p(h) = -6*h + 4. Let g(y) = -2*y + 7. Let c be g(4). Let t(s) = c*p(s) + 5*n(s). What is t(5)?
6
Let b(o) = 2*o - 6. Let m be b(4). Let i(u) = -4 + 0 + 3 + 3*u**3 + m*u - u**2. Calculate i(1).
3
Suppose 0 = -4*g + 2*i - 18 + 42, 3*g = -i + 13. Let p be ((-30)/(-25))/(2/g). Let t(x) = x + 4. Calculate t(p).
7
Let q(i) be the third derivative of -i**6/24 + i**5/60 + i**4/24 - i**3/6 + i**2. Let l = 44 - 43. What is q(l)?
-4
Let c(o) = o**3 - o**2 + 2. Let i be c(0). Suppose -4*t = -i*t. Let r(z) = 5 + t*z + z - 3. Determine r(-4).
-2
Let o(x) = x - 7*x + 2*x - x**2. What is o(-3)?
3
Let s(k) = k - 2. Let t(w) = -5*w + 10. Let r(n) = -11*s(n) - 2*t(n). Suppose 0 = 2*a + m - 5, 0*a - 5*a = 5*m - 10. Let x be (-5)/(a/6*-2). Determine r(x).
-3
Let r(z) = -4*z + 5. Let j = 14 - 10. What is r(j)?
-11
Suppose -5*v + 3*v + 2 = 0. Let s(n) = -n**2 + n - 1. Calculate s(v).
-1
Suppose y = 4*k - 16, -2*k - 3*y = y + 10. Let n(i) = i**3 - 3*i**2 - 2*i + 3. What is n(k)?
-3
Let h(v) be the third derivative of -v**4/24 + v**3/3 + 17*v**2. Let j(z) = z**3 - 4*z**2 + 2*z - 6. Let a be j(4). Determine h(a).
0
Let q(i) = 2*i + 1. Let s(a) = a**2 - a - 4. Suppose -2*d + 20 = 3*d. Let b be s(d). Suppose h + 4*h = 2*y - 14, -2*y + b = -2*h. Determine q(h).
-3
Let m = 15/56 - 1/7. Let z(r) be the third derivative of 1/2*r**3 + 0*r - 2*r**2 - m*r**4 + 0. What is z(2)?
-3
Let o(s) = s**3 + 5*s**2 + 5*s + 6. Suppose -3*k + 0*k - 21 = 0. Let a(r) = 8 + 2*r - 2 + 4. Let h be a(k). Give o(h).
2
Let v(i) be the first derivative of -i**2/2 + 4*i - 8. Determine v(4).
0
Let b(j) = 13*j**2 - 3*j - 3. Let i(v) = 4*v**2 - v - 1. Let p(a) = -4*b(a) + 11*i(a). Let t(c) = -c + 2. Let n = 1 - -2. Let o be t(n). Determine p(o).
-8
Let z(d) = -6*d + 7. Let c(o) = -3*o + 3. Let p(k) = 5*c(k) - 2*z(k). Sup